-556 - -394. Let q = -27 - -39. Let v be (-15)/2*q/h*-9. Let g(x) = x**3 + 5*x**2 + x - 4. Determine g(v).
-9
Let r(v) = v + 2. Let t(k) = -2*k**2 - 9*k - 17. Let i(g) = 10*g + 12. Let z be i(-3). Let b(q) = z*r(q) - 2*t(q). Determine b(-3).
34
Suppose -m + 5*m - 60 = 0. Suppose 0 = 14*u - m*u. Let o(v) = v**3 - v**2 + v. Let t(j) = -5*j**3 + 5*j**2 - 3*j + 5. Let b(w) = -4*o(w) - t(w). What is b(u)?
-5
Let n(m) = -m + 11. Let t(h) be the second derivative of -2*h**3/3 + 78*h**2 - 77*h. Let l be t(37). Determine n(l).
3
Let m(z) = 2*z**3 + 6*z**2 - 1. Let p(f) = -7*f**3 - 37*f**2 - 15*f + 12. Let u(x) = -4*m(x) - p(x). Give u(14).
6
Let x(r) = -r - 38. Let k be x(-9). Let o(z) = -6*z - 165. Let g be o(k). Let v(b) = -b**2 + 12*b + 3. Determine v(g).
30
Let a(y) = -5*y - 1. Let u(c) = -c. Suppose -3*j + 21 = 3*r - 0*r, 4*j = 3*r - 35. Suppose r = -4*o + 33. Let p(g) = o*u(g) - a(g). Calculate p(1).
0
Let r(m) = m + 3. Let n(o) = o + 2. Let j(g) = 5*n(g) - 2*r(g). Let x = -38888 + 38894. Calculate j(x).
22
Let p(u) = -u**2 - 11*u - 8. Let y(h) = 8*h - 7. Let z be y(-34). Let k = z + 272. What is p(k)?
20
Suppose -223*m + 56*m = -95*m + 144. Let i(j) = -2 - 11*j**2 - j + 2*j + 0*j**2. Give i(m).
-48
Suppose 4*w - 9 = w. Let q(a) = -2 + a**w - 5 - a - 6*a + 4*a**2. Let v(n) = -n**3 - 5*n**2 - 436*n - 1295. Let c be v(-3). Give q(c).
3
Suppose 5*k = -6*k - 11. Let b be k*(-16)/2*981/(-1308). Let w(d) = -d**3 - 6*d**2 + 2*d - 8. Determine w(b).
-20
Let u(b) = -3*b. Let p be 403/3 + (-1)/3. Let j = 135 - p. Give u(j).
-3
Let r = -75 - -96. Let o(w) = -6 - 8*w + r*w - 12*w. What is o(5)?
-1
Let x(v) = 2*v**3 - 2*v**2 + 3*v - 2. Suppose 11206*z = 11199*z + 7. Determine x(z).
1
Let p(i) = i**3 + 15*i**2 + 26*i + 2. Let l be p(-13). Let f(n) = 127*n**2 + 0*n**3 + 127*n**l + n - n**3 - 249*n**2 - 3. Calculate f(5).
2
Let v(l) = 2*l**3 - 2*l**2 + 3*l. Let i(z) = 115*z**2 - 3*z**3 + 14 - z + 70*z**2 - 149*z**2. Let g be i(12). Give v(g).
14
Suppose -5*d + 162 = -2*d + 3*r, 106 = 2*d + 3*r. Let s = d - 22. Suppose 3*x - 12 = -3*n, 0 = -2*n - 2*n + 5*x + s. Let u(y) = y - 7. Give u(n).
-1
Let g be (14 - 11)*-1*(-2)/6. Let l be (2 - -6) + -3*g. Suppose 3*n + 18 + 9 = 4*r, -4*n + l*r = 35. Let q(d) = -d. Give q(n).
5
Let j(d) = 4*d**3 + 3*d**2 - 4*d + 1. Let v be j(1). Let b(q) = 4*q**2 - v*q**2 + q**2 + 6 - 8. Give b(3).
7
Let r(t) = 2 + 0*t**3 - 4*t**2 + 3*t**3 + 0*t**3 + t. Let d(g) = -28*g - 867. Let u be d(-31). Let j be r(u). Let q(s) = -10*s + 3. Determine q(j).
-17
Let v = -766 - -761. Let u = 26 - 13. Let b = u + v. Let o(d) = -d**2 + 6*d + 10. What is o(b)?
-6
Let o(q) be the first derivative of q**3/3 + 4*q**2 - 17*q - 4414. Give o(-12).
31
Let f(u) = u. Suppose 2*o - 9 = -2*b + 1, 2*b - 3*o = 15. Let z be f(b). Let n(p) be the second derivative of p**3/6 - 5*p**2/2 - 33072*p. Give n(z).
1
Let y(a) = -a**2 - 2*a - 1. Let k(g) = -g**3 + 21*g**2 + 48*g - 34. Let r(j) = -k(j) - 6*y(j). Calculate r(17).
6
Let m(r) = -r + 1. Suppose 0 = -15*h + 20*h. Let p(l) = -6 + h*l - 2*l + 0*l + 4*l. Let u be p(0). Calculate m(u).
7
Let r(o) be the first derivative of -39 - 11*o - 3/2*o**2. Give r(-8).
13
Let j(n) = -n + 1. Let a(z) = z - 2. Let c(p) = a(p) - 3*j(p). Let r(i) = -5*i + 5. Let h(k) = -4*c(k) - 3*r(k). Give h(3).
2
Let d(u) = -2*u - 8. Let a be d(-7). Suppose -w + a*w = -2*j + 101, 3*j = 4*w - 90. Suppose 9*s + w = -33. Let z(c) = -c + 3. Give z(s).
9
Let s(f) = 17*f**3 - 25*f**2 - f - 11. Let b(z) = -7*z**3 + 12*z**2 + 5. Let l(v) = 5*b(v) + 2*s(v). Give l(10).
-17
Let q(g) = -g**2 - 4*g - 8. Let k(z) = -z**2 - 3*z - 8. Let t(s) = 4*k(s) - 3*q(s). Let m = -87 - -91. Suppose -5*d = m*d - 4*d. Determine t(d).
-8
Let r(y) be the second derivative of -y**7/2520 + y**5/60 - 37*y**4/6 + y + 24. Let h(f) be the third derivative of r(f). Give h(-4).
-14
Suppose -607*m = -616*m - 18. Let q(a) = -3*a**3 - a**2 + 3*a + 3. Calculate q(m).
17
Let t(x) be the third derivative of -3*x**6/20 + x**5/20 + 5*x**4/24 + x**3/3 - 8270*x**2. Calculate t(-1).
18
Suppose -5 = -v + 3. Suppose -3*q = -59 + v. Suppose 0 = 7*d + 59 - q. Let m(j) = j**3 + 5*j**2 - 3*j + 6. What is m(d)?
-12
Let q(c) = -7*c**2 - 5*c - 68. Let j(z) = -41*z**2 - 25*z - 408. Let l(f) = -6*j(f) + 35*q(f). Determine l(22).
2
Let o(n) be the third derivative of -n**6/120 - n**5/30 + n**4/24 + n**3/6 - 776*n**2. Determine o(-1).
-1
Let i(v) = -4*v**3 - 10*v**2 - 24*v + 101. Let o(u) = -u**3 - 3*u**2 - 6*u + 25. Let c(w) = 2*i(w) - 9*o(w). Let x be c(-5). Let n(h) = -2*h + 3. Give n(x).
9
Let m(z) = z - 1. Let u = -344 - -323. Let x be u/35*20/(-4). Calculate m(x).
2
Suppose 3*h - 9 = 0, 3*h = o + 6*h - 7. Let t(j) = -3*j**2 + 7*j - 2. Let i(x) = -13*x**2 + 28*x - 8. Let p(b) = o*i(b) + 9*t(b). Determine p(7).
-2
Let b be (72/(-54))/((-4)/66). Suppose -b*l + 27*l - 20 = 0. Let o(w) be the third derivative of w**5/60 + w**3/2 + 100*w**2. Calculate o(l).
19
Let p(s) = s**3 - 7*s**2 - s + 15. Let o = -6000 - -6007. Calculate p(o).
8
Let u(z) be the second derivative of -z**5/20 + 13*z**4/6 + 28*z**3/3 + 2*z**2 - 6*z + 3. Determine u(28).
4
Let a(l) = -l**3 + 19*l**2 - 81*l + 11. Let r(o) = -5*o**2 - 425*o + 6. Let k be r(-85). Give a(k).
-7
Let u = -122 - -113. Let x(c) = 11*c**3 - 10*c**2 - 2*c - 1. Let s(m) = 24*m**3 - 20*m**2 - 3*m - 2. Let q(r) = -6*s(r) + 13*x(r). What is q(u)?
-10
Let s(i) = 9*i**3 - 3*i - 1. Let a(c) = 37*c**3 + 2*c**2 - 11*c - 4. Let b(k) = -2*a(k) + 8*s(k). Let h be (-1 + -2)*(-2 - -1). Suppose 3*f + 3 = -h. Give b(f).
4
Suppose 3*k = 2*o + 9, -2*k - 2*o = -0*o + 4. Let b(i) = k - 3121*i + 20*i**2 + 3121*i. Determine b(-1).
21
Let u be (378/(-315))/(-3*(-2)/30). Let z(f) = -f**3 - 7*f**2 - f - 8. What is z(u)?
-38
Let p be (3/5)/(885/2950). Let v(z) be the first derivative of 14 - 4*z + 3/2*z**p. Determine v(4).
8
Let s(f) = -33*f**2 - 27*f - 2. Let m(v) = 43*v**2 + 36*v + 2. Let q(c) = 10*m(c) + 13*s(c). Give q(-10).
4
Let p(d) = -3*d**3 + 2*d**2 - 2. Let y(r) = -17*r**3 + 6*r**2 - 9*r - 10. Let v(s) = -6*p(s) + y(s). Determine v(7).
-12
Let x(z) be the second derivative of -z**4/3 - 2*z**3/3 + z**2 + 2059*z. Give x(1).
-6
Suppose 18*b + 28*b - 276 = 0. Let a(r) = -12*r - 2986*r**2 - 4*r**3 + 5*r**3 + 2982*r**2 - 2. Calculate a(b).
-2
Let c(x) = 2*x**3 + 16*x**2 + 55. Let y(q) = q**3 + 8*q**2 + 26. Let w(g) = 2*c(g) - 5*y(g). Determine w(-8).
-20
Let r be 0 + -1 - (-10 + -4). Suppose -21*k = -181 + r. Let d(t) = -t**2 + 3 - 3 + 9*t - 9. Determine d(k).
-1
Let h(q) = -4*q**2 - 20*q - 10. Let a(d) = -2*d**2 - 10*d - 4. Let y(u) = 5*a(u) - 2*h(u). Calculate y(-5).
0
Let o(h) = -3 - h**2 + 8*h**3 - 2*h + 5*h - 7*h**3 - 2*h. Let s be ((-7)/14)/(1/(-6)). Calculate o(s).
18
Let q(c) be the second derivative of -c**6/360 - c**5/30 + c**4/8 + 65*c**3/6 + 38*c. Let o(z) be the second derivative of q(z). Calculate o(-5).
-2
Let u(a) be the third derivative of a**5/60 - a**4/24 - a**3/3 + 12*a**2. Suppose s + h + 11 - 48 = 0, 5*s - 209 = h. Let i = s - 38. What is u(i)?
4
Let t(k) = 211*k**2 + 13 - 86*k**2 - 12*k - 124*k**2. Let n be -2 - (0 + 2 + -15). Determine t(n).
2
Let n(y) be the third derivative of -y**5/12 + y**2 - 190. Let u(g) = 4*g - 23. Let p be u(6). What is n(p)?
-5
Let h(f) be the second derivative of -14*f**3/3 + 9*f**2/2 + 2387*f. Calculate h(-3).
93
Suppose -6*v = -35 + 5. Suppose -4*s - v = -17. Let z(i) = -3*i**2 + 4*i - 4. Calculate z(s).
-19
Let j(p) = p**2 + 0 + 30 + p - 7. Let k be 0*(32/(-112))/(-6*(-8)/84). Calculate j(k).
23
Let z(d) be the second derivative of -d**5/20 + d**4/12 - d**3/2 + 3*d**2/2 - 981*d. Calculate z(0).
3
Let d = -59 - -59. Suppose 3*t - 11 = l, -l - 4*t + 13 + 4 = d. Let y(a) = 222*a - 2 - 221*a - a**2 - l. Give y(0).
-3
Suppose -590*k - 2178 = -469*k. Let a(p) = -p**2 - 21*p - 45. Give a(k).
9
Let h(v) = -v**2 + 3*v + 1. Suppose 0*i - 4*i + 2*c = 256, c = 4. Let k = i - -76. Let g be (k/(-49))/((-1)/14). What is h(g)?
-3
Let q(n) = -240*n + 4*n**2 + 751*n - 242*n - 26 - 235*n - 5*n**2. Give q(33).
7
Let q(m) = 6*m - 172. Let h(d) = 2*d - 81. Let g(r) = 5*h(r) - 2*q(r). Calculate g(-25).
-11
Let g(r) = -r**2 - 5*r - 3. Let h(s) = -s - 9. Let z be h(17). Let x be (-2)/4*0 - -1 - z. Suppose 0 = 3*m + 5*o + 30 - 5, -5*m = o + x. What is g(m)?
-